{"id":12587,"date":"2025-02-07T15:15:52","date_gmt":"2025-02-07T14:15:52","guid":{"rendered":"https:\/\/carrouselleclercq.fr\/?post_type=product&#038;p=12587"},"modified":"2025-02-07T18:26:51","modified_gmt":"2025-02-07T17:26:51","slug":"carrousel-a-etage","status":"publish","type":"product","link":"https:\/\/carrouselleclercq.fr\/index.php\/produit\/carrousel-a-etage\/","title":{"rendered":"CARROUSEL A ETAGE"},"content":{"rendered":"<p>Carrousel \u00e0 \u00e9tage<\/p>\n<p>Chevaux de bois et nombreux sujets d&#8217;\u00e9poque<\/p>\n<p><img decoding=\"async\" loading=\"lazy\" class=\"alignnone size-medium wp-image-12606\" src=\"http:\/\/carrouselleclercq.fr\/wp-content\/uploads\/2025\/02\/unnamed-1-e1738948895308-300x226.png\" alt=\"\" width=\"300\" height=\"226\" srcset=\"https:\/\/carrouselleclercq.fr\/wp-content\/uploads\/2025\/02\/unnamed-1-e1738948895308-300x226.png 300w, https:\/\/carrouselleclercq.fr\/wp-content\/uploads\/2025\/02\/unnamed-1-e1738948895308-1024x772.png 1024w, https:\/\/carrouselleclercq.fr\/wp-content\/uploads\/2025\/02\/unnamed-1-e1738948895308-768x579.png 768w, https:\/\/carrouselleclercq.fr\/wp-content\/uploads\/2025\/02\/unnamed-1-e1738948895308-600x453.png 600w, https:\/\/carrouselleclercq.fr\/wp-content\/uploads\/2025\/02\/unnamed-1-e1738948895308-490x370.png 490w, https:\/\/carrouselleclercq.fr\/wp-content\/uploads\/2025\/02\/unnamed-1-e1738948895308.png 1168w\" sizes=\"(max-width: 300px) 100vw, 300px\" \/><\/p>\n<p><img decoding=\"async\" loading=\"lazy\" class=\"alignnone size-medium wp-image-12592\" src=\"http:\/\/carrouselleclercq.fr\/wp-content\/uploads\/2025\/02\/IMG_3679-e1738936941323-300x199.png\" alt=\"\" width=\"300\" height=\"199\" srcset=\"https:\/\/carrouselleclercq.fr\/wp-content\/uploads\/2025\/02\/IMG_3679-e1738936941323-300x199.png 300w, https:\/\/carrouselleclercq.fr\/wp-content\/uploads\/2025\/02\/IMG_3679-e1738936941323-1024x679.png 1024w, https:\/\/carrouselleclercq.fr\/wp-content\/uploads\/2025\/02\/IMG_3679-e1738936941323-768x509.png 768w, https:\/\/carrouselleclercq.fr\/wp-content\/uploads\/2025\/02\/IMG_3679-e1738936941323-600x398.png 600w, https:\/\/carrouselleclercq.fr\/wp-content\/uploads\/2025\/02\/IMG_3679-e1738936941323-490x325.png 490w, https:\/\/carrouselleclercq.fr\/wp-content\/uploads\/2025\/02\/IMG_3679-e1738936941323.png 1164w\" sizes=\"(max-width: 300px) 100vw, 300px\" \/><\/p>\n","protected":false},"excerpt":{"rendered":"<p>Carrousel \u00e0 \u00e9tage Chevaux de bois et nombreux sujets d&#8217;\u00e9poque<\/p>\n","protected":false},"featured_media":12592,"comment_status":"open","ping_status":"closed","template":"","meta":{"om_disable_all_campaigns":false,"_mi_skip_tracking":false,"_monsterinsights_sitenote_active":false,"_monsterinsights_sitenote_note":"","_monsterinsights_sitenote_category":0,"_themeisle_gutenberg_block_has_review":false},"product_cat":[46],"product_tag":[58,54,55],"amenities":[],"space-type":[34],"aioseo_notices":[],"_links":{"self":[{"href":"https:\/\/carrouselleclercq.fr\/index.php\/wp-json\/wp\/v2\/product\/12587"}],"collection":[{"href":"https:\/\/carrouselleclercq.fr\/index.php\/wp-json\/wp\/v2\/product"}],"about":[{"href":"https:\/\/carrouselleclercq.fr\/index.php\/wp-json\/wp\/v2\/types\/product"}],"replies":[{"embeddable":true,"href":"https:\/\/carrouselleclercq.fr\/index.php\/wp-json\/wp\/v2\/comments?post=12587"}],"wp:featuredmedia":[{"embeddable":true,"href":"https:\/\/carrouselleclercq.fr\/index.php\/wp-json\/wp\/v2\/media\/12592"}],"wp:attachment":[{"href":"https:\/\/carrouselleclercq.fr\/index.php\/wp-json\/wp\/v2\/media?parent=12587"}],"wp:term":[{"taxonomy":"product_cat","embeddable":true,"href":"https:\/\/carrouselleclercq.fr\/index.php\/wp-json\/wp\/v2\/product_cat?post=12587"},{"taxonomy":"product_tag","embeddable":true,"href":"https:\/\/carrouselleclercq.fr\/index.php\/wp-json\/wp\/v2\/product_tag?post=12587"},{"taxonomy":"amenities","embeddable":true,"href":"https:\/\/carrouselleclercq.fr\/index.php\/wp-json\/wp\/v2\/amenities?post=12587"},{"taxonomy":"space-type","embeddable":true,"href":"https:\/\/carrouselleclercq.fr\/index.php\/wp-json\/wp\/v2\/space-type?post=12587"}],"curies":[{"name":"wp","href":"https:\/\/api.w.org\/{rel}","templated":true}]}}