{"id":2855,"date":"2018-12-20T17:41:56","date_gmt":"2018-12-20T17:41:56","guid":{"rendered":"http:\/\/themes.webdevia.com\/customerxp-voip-cloud-services-wordpress-theme\/?page_id=2855"},"modified":"2024-03-31T15:43:35","modified_gmt":"2024-03-31T13:43:35","slug":"blog-grid-layout","status":"publish","type":"page","link":"https:\/\/carrouselleclercq.fr\/index.php\/blog-grid-layout\/","title":{"rendered":"Notre Actu"},"content":{"rendered":"\n<div class=\"wp-block-query is-layout-flow wp-block-query-is-layout-flow\">\n<div class=\"wp-block-group has-white-background-color has-background is-layout-flow wp-container-4 wp-block-group-is-layout-flow\" style=\"padding-top:var(--wp--preset--spacing--50);padding-right:var(--wp--preset--spacing--50);padding-bottom:var(--wp--preset--spacing--50);padding-left:var(--wp--preset--spacing--50)\"><ul class=\"alignwide wd-post--multicolumn wp-block-post-template is-layout-flow wp-block-post-template-is-layout-flow\"><li class=\"wp-block-post post-12397 post type-post status-publish format-standard has-post-thumbnail hentry category-non-classe wd-post \">\n\n<div class=\"wp-block-group alignwide has-white-background-color has-background is-vertical is-content-justification-left is-layout-flex wp-container-2 wp-block-group-is-layout-flex\" style=\"padding-top:0;padding-right:0;padding-bottom:0;padding-left:0\"><figure style=\"width:100%;height:300px;\" class=\"wp-block-post-featured-image\"><a href=\"https:\/\/carrouselleclercq.fr\/index.php\/2023\/10\/18\/faites-tourner-votre-evenement-avec-nos-locations-de-carrousels-carrousel-leclercq-est-specialise-en-evenementiel-et-divertissement\/\" target=\"_self\"  style=\"height:300px\"><img loading=\"lazy\" width=\"612\" height=\"461\" src=\"https:\/\/carrouselleclercq.fr\/wp-content\/uploads\/2023\/10\/istockphoto-485036970-612x612-1.jpg\" class=\"attachment-post-thumbnail size-post-thumbnail wp-post-image\" alt=\"Faites tourner votre \u00e9v\u00e9nement avec nos locations de carrousels.Carrousel Leclercq est sp\u00e9cialis\u00e9 en \u00e9v\u00e9nementiel et divertissement.\" decoding=\"async\" style=\"border-radius:3px;height:300px;object-fit:cover;\" srcset=\"https:\/\/carrouselleclercq.fr\/wp-content\/uploads\/2023\/10\/istockphoto-485036970-612x612-1.jpg 612w, https:\/\/carrouselleclercq.fr\/wp-content\/uploads\/2023\/10\/istockphoto-485036970-612x612-1-300x226.jpg 300w, https:\/\/carrouselleclercq.fr\/wp-content\/uploads\/2023\/10\/istockphoto-485036970-612x612-1-600x452.jpg 600w, https:\/\/carrouselleclercq.fr\/wp-content\/uploads\/2023\/10\/istockphoto-485036970-612x612-1-490x369.jpg 490w\" sizes=\"(max-width: 612px) 100vw, 612px\" \/><span class=\"wp-block-post-featured-image__overlay has-background-dim has-background-dim-10\" style=\"border-radius:3px\" aria-hidden=\"true\"><\/span><\/a><\/figure>\n\n\n<div class=\"wp-block-group has-global-padding is-layout-constrained wp-container-1 wp-block-group-is-layout-constrained\"><div class=\"taxonomy-category wd-post__meta wp-block-post-terms\"><a href=\"https:\/\/carrouselleclercq.fr\/index.php\/category\/non-classe\/\" rel=\"tag\">Non class\u00e9<\/a><\/div>\n\n<h4 style=\"margin-top:0px;margin-right:0px;margin-bottom:0px;margin-left:0px;\" class=\"wd-post__title wp-block-post-title\"><a href=\"https:\/\/carrouselleclercq.fr\/index.php\/2023\/10\/18\/faites-tourner-votre-evenement-avec-nos-locations-de-carrousels-carrousel-leclercq-est-specialise-en-evenementiel-et-divertissement\/\" target=\"_self\" >Faites tourner votre \u00e9v\u00e9nement avec nos locations de carrousels.Carrousel Leclercq est sp\u00e9cialis\u00e9 en \u00e9v\u00e9nementiel et divertissement.<\/a><\/h4>\n\n<div style=\"margin-top:var(--wp--preset--spacing--20);\" class=\"wd-post__read-more wp-block-post-date\"><time datetime=\"2023-10-18T00:57:33+02:00\">18 octobre 2023<\/time><\/div><\/div>\n<\/div>\n\n<\/li><\/ul><\/div>\n\n\n\n\n<\/div>\n","protected":false},"excerpt":{"rendered":"","protected":false},"author":1,"featured_media":0,"parent":0,"menu_order":0,"comment_status":"closed","ping_status":"closed","template":"","meta":{"om_disable_all_campaigns":false,"_mi_skip_tracking":false,"_monsterinsights_sitenote_active":false,"_monsterinsights_sitenote_note":"","_monsterinsights_sitenote_category":0,"_themeisle_gutenberg_block_has_review":false,"footnotes":""},"aioseo_notices":[],"_links":{"self":[{"href":"https:\/\/carrouselleclercq.fr\/index.php\/wp-json\/wp\/v2\/pages\/2855"}],"collection":[{"href":"https:\/\/carrouselleclercq.fr\/index.php\/wp-json\/wp\/v2\/pages"}],"about":[{"href":"https:\/\/carrouselleclercq.fr\/index.php\/wp-json\/wp\/v2\/types\/page"}],"author":[{"embeddable":true,"href":"https:\/\/carrouselleclercq.fr\/index.php\/wp-json\/wp\/v2\/users\/1"}],"replies":[{"embeddable":true,"href":"https:\/\/carrouselleclercq.fr\/index.php\/wp-json\/wp\/v2\/comments?post=2855"}],"version-history":[{"count":2,"href":"https:\/\/carrouselleclercq.fr\/index.php\/wp-json\/wp\/v2\/pages\/2855\/revisions"}],"predecessor-version":[{"id":12566,"href":"https:\/\/carrouselleclercq.fr\/index.php\/wp-json\/wp\/v2\/pages\/2855\/revisions\/12566"}],"wp:attachment":[{"href":"https:\/\/carrouselleclercq.fr\/index.php\/wp-json\/wp\/v2\/media?parent=2855"}],"curies":[{"name":"wp","href":"https:\/\/api.w.org\/{rel}","templated":true}]}}